{"id":518,"date":"2025-02-23T14:56:14","date_gmt":"2025-02-23T13:56:14","guid":{"rendered":"https:\/\/altekaeserei.net\/?page_id=518"},"modified":"2025-03-23T18:01:15","modified_gmt":"2025-03-23T17:01:15","slug":"lage","status":"publish","type":"page","link":"https:\/\/www.altekaeserei.de\/?page_id=518","title":{"rendered":"Lage"},"content":{"rendered":"\n<div class=\"wp-block-columns is-layout-flex wp-container-core-columns-is-layout-28f84493 wp-block-columns-is-layout-flex\">\n<div class=\"wp-block-column is-layout-flow wp-block-column-is-layout-flow\" style=\"flex-basis:66.66%\">\n<figure class=\"wp-block-image size-full\"><a href=\"https:\/\/www.google.com\/maps\/d\/u\/0\/viewer?mid=1S7eQ8CueLQd1Ls3zaozBFfmGax0&amp;ll=51.182207999999996%2C12.787292000000017&amp;z=17\"><img loading=\"lazy\" decoding=\"async\" width=\"930\" height=\"942\" src=\"https:\/\/altekaeserei.net\/wp-content\/uploads\/2025\/02\/luftbild-maps-koessern.png\" alt=\"\" class=\"wp-image-521\" srcset=\"https:\/\/www.altekaeserei.de\/wp-content\/uploads\/2025\/02\/luftbild-maps-koessern.png 930w, https:\/\/www.altekaeserei.de\/wp-content\/uploads\/2025\/02\/luftbild-maps-koessern-296x300.png 296w, https:\/\/www.altekaeserei.de\/wp-content\/uploads\/2025\/02\/luftbild-maps-koessern-768x778.png 768w\" sizes=\"auto, (max-width: 930px) 100vw, 930px\" \/><\/a><\/figure>\n<\/div>\n\n\n\n<div class=\"wp-block-column is-layout-flow wp-block-column-is-layout-flow\" style=\"flex-basis:33.33%\">\n<figure class=\"wp-block-table is-style-stripes has-max-36-font-size\"><table class=\"has-border-color has-base-border-color\"><tbody><tr><td><u><em><strong>Entfernungen:<\/strong><\/em><\/u><br><sup><sub>Grimma: 10 km<\/sub><\/sup><br><sup><sub>Colditz: 10 km<br>Leipzig:\u00a0 35 km<br>Chemnitz: 55 km<br>Mei\u00dfen: 70 km<br>Dresden: 85 km<br>Gera: 90 km<br>Erfurt: 170 km<br>Magdeburg: 170 km<br>Berlin: 220 km<br>Hamburg: 430 km<br>M\u00fcnchen: 440 km<br>K\u00f6ln: 530 km<br>Amsterdam: 650 km<br>Kopenhagen: 650 km<\/sub><\/sup><\/td><\/tr><\/tbody><\/table><\/figure>\n<\/div>\n<\/div>\n\n\n\n<div class=\"wp-block-buttons is-content-justification-center is-layout-flex wp-container-core-buttons-is-layout-749adb30 wp-block-buttons-is-layout-flex\">\n<div class=\"wp-block-button has-custom-width wp-block-button__width-25 has-custom-font-size is-style-outline is-style-outline--1\" style=\"font-size:clamp(14px, 0.875rem + ((1vw - 3.2px) * 0.455), 18px);\"><a class=\"wp-block-button__link has-base-color has-secondary-background-color has-text-color has-background has-link-color has-text-align-center wp-element-button\" href=\"https:\/\/altekaeserei.net\/?page_id=222\" style=\"border-radius:0px\">zum Kontaktformular<\/a><\/div>\n<\/div>\n","protected":false},"excerpt":{"rendered":"<p>Entfernungen:Grimma: 10 kmColditz: 10 kmLeipzig:\u00a0 35 kmChemnitz: 55 kmMei\u00dfen: 70 kmDresden: 85 kmGera: 90 kmErfurt: 170 kmMagdeburg: 170 kmBerlin: 220 kmHamburg: 430 kmM\u00fcnchen: 440 kmK\u00f6ln: 530 kmAmsterdam: 650 kmKopenhagen: 650 km<\/p>\n","protected":false},"author":1,"featured_media":0,"parent":0,"menu_order":0,"comment_status":"closed","ping_status":"closed","template":"","meta":{"footnotes":""},"class_list":["post-518","page","type-page","status-publish","hentry"],"_links":{"self":[{"href":"https:\/\/www.altekaeserei.de\/index.php?rest_route=\/wp\/v2\/pages\/518","targetHints":{"allow":["GET"]}}],"collection":[{"href":"https:\/\/www.altekaeserei.de\/index.php?rest_route=\/wp\/v2\/pages"}],"about":[{"href":"https:\/\/www.altekaeserei.de\/index.php?rest_route=\/wp\/v2\/types\/page"}],"author":[{"embeddable":true,"href":"https:\/\/www.altekaeserei.de\/index.php?rest_route=\/wp\/v2\/users\/1"}],"replies":[{"embeddable":true,"href":"https:\/\/www.altekaeserei.de\/index.php?rest_route=%2Fwp%2Fv2%2Fcomments&post=518"}],"version-history":[{"count":0,"href":"https:\/\/www.altekaeserei.de\/index.php?rest_route=\/wp\/v2\/pages\/518\/revisions"}],"wp:attachment":[{"href":"https:\/\/www.altekaeserei.de\/index.php?rest_route=%2Fwp%2Fv2%2Fmedia&parent=518"}],"curies":[{"name":"wp","href":"https:\/\/api.w.org\/{rel}","templated":true}]}}